mon divisor of 52 and r.
13
Let o be ((-3)/9*0)/3. Suppose o = 2*d - 0 - 14. Calculate the highest common factor of 35 and d.
7
Let f = -137 + 313. What is the greatest common factor of 44 and f?
44
Let b = 23 + -9. Suppose 0 = -4*s + 62 - b. What is the highest common divisor of s and 108?
12
Suppose -3*j - h + 254 = 0, -j - 4*j = -3*h - 414. Calculate the greatest common divisor of 56 and j.
28
Let x(l) = -l**3 - 6*l**2 - 4*l - 4. Let y be x(-6). What is the highest common divisor of 8 and y?
4
Suppose 3*v - 184 = -u - 2*v, 2*u - v - 368 = 0. Let f be (-2)/4 - u/(-16). What is the greatest common factor of 88 and f?
11
Suppose 0 = 3*c - 8*c + 70. Suppose 4*m - 53 + 6 = -5*u, 2*u = 3*m + 5. What is the highest common factor of c and u?
7
Let s be 824/40 + (-6)/10. Let z(d) = -161*d**3 - d**2 + d + 1. Let h be z(-1). Calculate the greatest common divisor of s and h.
20
Let z(r) = 2*r**2 - 2*r + 1. Let n be z(3). Suppose 5*o = -2*g + 5*g - 370, -3*o = -5*g + 638. What is the highest common factor of g and n?
13
Let k(r) = -r**2 + 8*r + 4. Let m be k(3). What is the highest common factor of 38 and m?
19
Suppose 2*s - 4 = 0, 5*d - 2*s = s - 1. What is the greatest common divisor of 7 and d?
1
Let f = -2 - -57. Calculate the highest common factor of f and 495.
55
Let u be 0 + 264/28 + (-3)/7. What is the greatest common factor of 9 and u?
9
Let r(i) = 11*i + 9. Let n be r(9). Calculate the highest common factor of n and 27.
27
Suppose -22 = k + k. Let x = k + 19. Calculate the highest common divisor of x and 1.
1
Let a = -1 - -1. Suppose a*m - 3*m + 77 = -j, m + 2*j - 14 = 0. Calculate the greatest common factor of 36 and m.
12
Let f = -191 + 389. Calculate the greatest common factor of f and 18.
18
Suppose -5*b = 2*u - 126, -4*u = -5*b - 0*u + 138. Calculate the greatest common divisor of b and 39.
13
Let m = -63 + 90. What is the highest common divisor of m and 27?
27
Let w(j) be the second derivative of j**3/2 - 5*j**2/2 + j. Let r be w(5). Let l(z) = 3*z - 31. Let v be l(27). What is the greatest common factor of v and r?
10
Let t(x) = x - 2. Let c be t(4). Let q be (-3 + 2 - (2 + -1)) + 5. What is the greatest common factor of c and q?
1
Suppose 4*o - 53 = -2*i + 5*i, -2*i = -4*o + 58. What is the greatest common divisor of 34 and o?
17
Let s(v) = -10*v - 19. Let r be s(-2). Calculate the greatest common divisor of 5 and r.
1
Suppose k = 5*a - 5, a - 4*a + 3 = -k. Suppose k = -7*s + 2*s + 75. What is the highest common factor of 120 and s?
15
Let r(b) = 4*b**3 - 4*b**2 + 2*b + 5. Let n be r(4). Suppose -4*v + 59 = -n. Let j = 34 - 23. What is the greatest common factor of j and v?
11
Let d(q) = -q**2 + 4*q + 2. Let o be d(5). Let i(s) = -2*s**3 - 4*s**2 + 2*s + 3. Let l be i(o). Calculate the greatest common divisor of 120 and l.
15
Suppose 3*q - 36 = -15. Suppose 0*m - m + 7 = 0. Calculate the highest common factor of q and m.
7
Let a be (2 + -1)*(-4 - -16). Let w be (-3)/a*6*-6. Let z(d) = d**2 + 4*d - 3. Let i be z(-6). What is the highest common divisor of w and i?
9
Let k be 0 + 1 + -2 - -3. Let h(q) = q**3 - q**2 + 1. Let z be h(k). Suppose -z = t + 3*j, t = -3*t + 5*j + 31. Calculate the highest common divisor of t and 2.
2
Let z(l) = l**3 - 5*l**2 - 5*l + 6. Let h be z(6). Suppose -7*n = -n - 24. Let g = h - n. Calculate the highest common factor of g and 56.
8
Let j be (-3)/1*(-132)/36. What is the greatest common divisor of j and 11?
11
Let n be (-2)/11 - 70/(-22). Let p be n - (2 + -10 - -2). What is the highest common divisor of p and 3?
3
Let v = -40 - -45. Let r(i) = i + 20. Let q be r(0). What is the greatest common factor of v and q?
5
Let d(r) = -19*r + 3. Let i be d(-1). Calculate the greatest common divisor of i and 2.
2
Let a be 1/(1*(28/27 + -1)). What is the greatest common divisor of 243 and a?
27
Let j = 10 - 5. Suppose -3*w + w + 4*b + 38 = 0, 5*b = -w + j. Calculate the greatest common divisor of w and 6.
3
Suppose 0*q + q + 3*d + 13 = 0, 0 = 3*q - d - 11. What is the highest common factor of q and 3?
1
Let a(t) = -t**3 + 6*t**2 - 3*t + 1. Let w be a(4). What is the highest common factor of 42 and w?
21
Let u = -6 - -9. Suppose -l - u*l - 56 = 0. Let k = l + 26. What is the greatest common factor of 8 and k?
4
Let h = 36 - 13. What is the greatest common divisor of h and 23?
23
Let q(m) = m**3 - 7*m**2 + 16*m - 19. Let i be q(5). Suppose 5*u + 5 = 0, 3*o + 2*u - 10 = 21. Calculate the greatest common divisor of o and i.
11
Let i(a) be the second derivative of 2*a**3/3 + a**2/2 - a. Let r be i(2). Calculate the greatest common factor of 9 and r.
9
Let f be (-1 - (-38)/6)*12. Calculate the highest common divisor of 16 and f.
16
Let d be (-265 - (5 - 1))*-1 + 1. Calculate the greatest common factor of 30 and d.
30
Let p(l) = -9*l + 4. Let b be p(-2). What is the greatest common factor of 220 and b?
22
Let w = 205 - -70. What is the highest common factor of w and 25?
25
Let m(b) = 20*b**2 + b. Let s be m(1). Let p be 16/3 - (-14)/s. Calculate the highest common factor of 15 and p.
3
Let l be (3 - 1) + -4 + 4. What is the highest common factor of 6 and l?
2
Let l = 5 + 51. Suppose -4*o + 20 = 4*n, -3*n - 17 = -2*o - 42. What is the highest common factor of l and n?
7
Let l be (12/(-9))/(3/(-36)). Let o(q) = 14*q + 1. Let y be o(-7). Let t = 15 - y. Calculate the greatest common divisor of t and l.
16
Suppose j - 74 + 16 = 0. Suppose -2*x + 14 = -j. Calculate the highest common divisor of 9 and x.
9
Let m(r) = 5*r**3 + r**2 - 2*r + 1. Let p be m(1). Let n = p + -2. Let h be (135/(-6))/(n/(-4)). What is the highest common factor of 20 and h?
10
Suppose -2 + 0 = -r + b, 3*r = 2*b + 6. Suppose -54 = -r*c - 4*a, -23 = -5*c + 4*c + 2*a. Let h = -54 - -64. What is the highest common factor of h and c?
5
Suppose -2*n - 3 = 11. Let a(o) = -o - 4. Let j be a(n). Suppose 5*f - 2 = j*h, 4*h - f = 3*f. What is the greatest common factor of h and 4?
1
Let f(z) = z**2 + 4*z - 6. Let q be f(-5). Let n be q/(-2)*-2 - -2. Suppose 0 = 4*l + 2 - 42. Calculate the highest common divisor of n and l.
1
Suppose -25 = -5*w, w = -4*m - 3*w + 24. Let i be (0 - 56/(-2))/m. Calculate the highest common divisor of 112 and i.
28
Let i(a) = 2*a - 7. Let v be i(5). Suppose v*g - 5*g - 2 = 0. Let n(u) = -14*u**3 + u + 1. Let o be n(g). What is the greatest common divisor of o and 56?
14
Suppose 4*t + 2 = 10. Let b = 14 - t. Suppose -4*u + 72 = -4*l, 2*u - 54 = -u - 2*l. Calculate the greatest common divisor of u and b.
6
Let g = -151 + 276. Suppose o - g = 5*b, 3*b - 437 = -4*o + 2*b. What is the greatest common factor of o and 10?
10
Let u(s) = 6*s**2 - 2*s - 2. Let h be u(2). Calculate the greatest common divisor of h and 2.
2
Suppose -3*h + 2*c + c + 27 = 0, -5*c = -3*h + 35. Let r(p) = p**2 - p - 1. Let f be r(-1). Calculate the highest common divisor of h and f.
1
Let w be (-4 + 3 - 1) + 18. Suppose -2*q - 34 = -5*q - 2*a, -3*q - 5*a + 49 = 0. Calculate the greatest common factor of q and w.
8
Suppose 0 = w - 130 + 112. Calculate the greatest common divisor of w and 306.
18
Suppose 2 = 3*b - 7. Calculate the greatest common divisor of 6 and b.
3
Suppose 20 = u - 9. Let x = u + -18. Let i = -64 + 119. What is the greatest common factor of x and i?
11
Let x be (40/28)/((-2)/(-7)). What is the greatest common divisor of x and 45?
5
Let w = -3 + 6. Suppose 6*l + 3*r = w*l - 15, -3*r = 12. Let u be (3 - 11)*(l - 11). What is the highest common divisor of u and 12?
12
Suppose -5*j - 1 + 16 = 0, 165 = 4*h + 3*j. Suppose 3*b = 6*b - h. Suppose 0 = 4*g - g - 39. What is the greatest common factor of b and g?
13
Let i(m) = 13*m**3 - 3*m + 2. Let c(u) = -u**2 - 6*u - 6. Let a be c(-4). Let w be i(a). What is the greatest common divisor of w and 20?
20
Suppose 3*j - 172 = j. Suppose -2*o + 0*o + j = 0. Suppose -13 = 3*x - o. Calculate the highest common divisor of x and 40.
10
Suppose 0 = -5*h + 227 + 448. Suppose h = 4*v + 3*o, 4 - 2 = 2*o. Calculate the greatest common factor of 11 and v.
11
Let s = -4 - -3. Let k be (-97 - s)*(-10)/15. What is the highest common factor of 16 and k?
16
Suppose 0 = -2*z + 5*z + 5*k - 75, -2*z - 3*k + 51 = 0. Calculate the greatest common factor of 15 and z.
15
Let c be 2/(-10) + 2208/40. Let h(d) = d. Let p be h(3). Suppos